3 - 7*s**2 + 5*s + 5. Let x be w(6). Let y be (13/(-26))/(x/6) - 0. Suppose -1094 = -y*q - 131. Is q prime?
False
Let y(f) = -140098*f - 27. Let l be y(-9). Suppose l = 16*m + 29*m. Is m prime?
True
Let n = 21603 - 2284. Is n composite?
False
Let l(b) = 148*b + 581. Is l(51) prime?
False
Let j = 30 + -25. Suppose 0 = -8*d + 5*d, -j*o + 2*d + 4990 = 0. Suppose 0 = 7*x - 4729 + o. Is x a composite number?
True
Suppose f - 2*h - 31 = 4*f, 5*h + 46 = -3*f. Let z(k) = k + 9. Let y be z(f). Is y/(14376/(-3596) + 4) a prime number?
False
Let o(f) be the third derivative of -f**5/60 - 31*f**4/8 - 149*f**3/6 - f**2 + 106. Is o(-36) prime?
False
Let n be -3 + (-9)/((-27)/4884). Suppose -12*r - 7949 + n = 0. Let g = 738 + r. Is g composite?
False
Let a = 51 - 22. Let g = -23 + a. Is (-8)/g - -1 - 2750/(-6) a prime number?
False
Let q(j) = j**3 - 63*j**2 - 103*j + 532. Is q(65) composite?
False
Let x(u) = -23002*u**3 - u - 1. Let i = -69 - -68. Let r be x(i). Suppose 0 = -11*l - 3*l + r. Is l composite?
True
Let k(b) = 2*b**2 + 9*b + 7. Let d be k(8). Let t = d + -462. Let l = 446 + t. Is l prime?
True
Let a be ((-5)/5)/(1/(-2)). Let w(i) = 1708*i + 5. Is w(a) composite?
True
Let t(n) = -3*n**2 - 7*n. Let k(v) = v**2 + v - 1. Let x(y) = -4*k(y) - t(y). Let f be x(8). Is (-1 + 0)/(9/f) - -993 a composite number?
False
Let y(i) = -228*i - 11. Suppose -4*z = -240 + 252. Let m be 2/(-4)*(-1 + 6 + z). Is y(m) prime?
False
Let t(g) = 17*g**3 + 11*g + 59. Is t(11) a composite number?
False
Let z be (-5)/(50/(-35))*2. Suppose 4*u - 6 = q + z, -3*u = -5*q + 20. Suppose 1503 = q*f - 30. Is f composite?
True
Suppose 4*t - 12 = -2*t. Suppose 8*m - 3*m - 28 = 4*j, -t*m = -j - 10. Suppose 0 = -5*k - 3*x + 6755, k + 5*x = -m*k + 6755. Is k a prime number?
False
Let j be 114166/117 + 4/18 + -2. Suppose u - 578 = -3*p, u + j = 3*p + 2*p. Is p a prime number?
False
Suppose 4*d - 3*q = -21 - 12, 2*d + 5*q - 3 = 0. Is -2*d/114 + 212475/19 a prime number?
False
Let q(z) = -46*z**3 - 2*z**2 + 9*z + 27. Is q(-16) a composite number?
False
Let n = 471101 - 274690. Is n composite?
True
Let r(a) = -a**3 + a**2 - a + 3. Let f be r(0). Suppose -9*z + f*z + 12 = 0. Let t(s) = 286*s**2 + 2*s - 3. Is t(z) prime?
False
Let q = 22364 + -10785. Is q prime?
True
Suppose 0*p + 556621920 = 480*p. Is p a composite number?
True
Suppose 689872 = -98*r + 4968258. Is r a prime number?
False
Suppose -942 = -5*x - 927. Suppose k - 1340 = -4*a + a, 0 = 2*a + x*k - 891. Is a composite?
True
Let z be 9/18*(1 - 1). Suppose 4*m + 5*o - 20128 = z, -3*m + 17408 = -o + 2331. Is m composite?
True
Let k(c) = -c**3 + 2*c**2 + 46*c - 7. Let d be k(-6). Suppose -d*g = 3*o - 556, -324 = -3*o - g + 236. Is o composite?
True
Suppose 17*w + 332467 = -69*w + 2966733. Is w prime?
True
Let r be 7 - (0/1 + 7). Suppose 5*g + 4*t - 11056 = 13105, g - t - 4825 = r. Is g composite?
True
Let j(g) = 7*g**2 + 10*g - 5. Let y be j(-8). Suppose -3*v - p + 1049 = 0, -3*p - y = -5*v + 4*v. Let c = 686 - v. Is c a composite number?
True
Let f(q) = 6*q - 13. Let p = 135 - 98. Is f(p) a composite number?
True
Let l(i) = -3*i**3 - 8*i**2 + 24*i + 12. Let z be l(-8). Let r = 555 + z. Is r composite?
False
Let u be (1 + -5)*1 + 8. Suppose -4*j + 35404 = u*i, 2*i - 36174 = -4*j - 774. Is j prime?
True
Suppose -2*z - 2*j - 2 = 0, z = 3*j - 2*j + 1. Suppose 4*v = -5 - 7, z = -3*n - 5*v - 753. Is (11/2)/((-3)/n) a prime number?
False
Is -2 + (3 - 4) - (14 - 35812) a composite number?
True
Suppose -5*f + 106 = -29. Suppose -3*x + f = -5*c + 2*c, -5*x + 9 = c. Is (2/c)/((-4)/456) composite?
True
Suppose 3*g - 147 = 5*q, 2*q - 3*q = -5*g + 267. Is g/18 + 2*235 a prime number?
False
Let o(m) = -m**2 - 2*m - 4. Let d be o(-2). Let x(z) = -18*z**3 - 7*z**2 - 10*z - 4. Let l be x(d). Suppose -4*j + 600 = -l. Is j a prime number?
True
Is ((-3096624)/(-144))/(-1 - 10/(-6))*2 a composite number?
False
Let o(t) = 3*t + 77. Let z be o(-23). Is z/12 + 8320/12 prime?
False
Suppose 174*k - 176*k = -86046. Is k prime?
False
Let q = -777 + 597. Is (3 + -2)*15/(q/(-81768)) a composite number?
True
Suppose 5*p = 13 - 48. Is p/(-1) - 8 - (-12280)/2 a prime number?
False
Is ((-1)/2)/(((-9)/1089771)/(-7 - -13)) prime?
True
Let t(u) = 2*u**2 - 2*u - 2. Let g be t(2). Let n(w) = -6 - 2 + 16*w - 5 + g*w. Is n(20) composite?
False
Is (6 + -251767)/(-2 + 1) composite?
False
Let s(k) = k**3 + 10*k**2 + k + 23. Let w = 31 - 41. Let b be s(w). Suppose b*m - 790 - 3019 = 0. Is m composite?
False
Let u(y) = 202*y**2 - y + 20. Let n be u(6). Suppose -n = -4*i + 882. Is (-5 + i/6)*(-6)/(-4) a composite number?
False
Suppose 4*v + 3*i - 97 = 0, 2*v + i + 89 = 5*v. Suppose -2*n - v + 2122 = -t, 0 = 4*n + 2*t - 4204. Is n a prime number?
True
Let l(r) = 16*r**3 + 17*r**2 + 14*r + 53. Let w(d) = -7*d**3 - 8*d**2 - 7*d - 27. Let b(m) = -4*l(m) - 9*w(m). Let i be 17/(-1*(3 - 2)). Is b(i) prime?
True
Let n(k) = 93*k**2 + 15*k - 17. Suppose 5*z - r + 55 = 0, -4*z - 9*r = -8*r + 35. Is n(z) a prime number?
True
Let g = -179 - -183. Suppose -4*j + 8*x = g*x - 5580, 7003 = 5*j + 2*x. Is j prime?
True
Let i be ((-6)/(-9))/(6/(-36)) + 9. Suppose -r - 4*l = -5*r + 224, -i*l = -2*r + 103. Is r a composite number?
False
Suppose b = 1837 + 4153. Suppose 0 = 8*t - b - 3498. Suppose 0 = 9*y - 11*y + t. Is y prime?
True
Suppose 0 = 4*f - f - 2*h + 1147, f - 2*h = -389. Let r = 1014 + f. Is r prime?
False
Suppose 221970 - 602558 = -39*r + 569803. Is r composite?
True
Let h be (-2)/(-4) + (-1526)/28. Is (h/21 - -3) + (-99762)/(-21) a composite number?
False
Let s(u) = -400*u + 407. Is s(-65) composite?
False
Let i = 133 - 292. Let h = 1462 - i. Is h composite?
False
Suppose -2*h + 432054 = 4*p, -64*h - p - 1080113 = -69*h. Is h composite?
False
Suppose 13 = 3*i - 5. Let n be 516/i*((-84)/(-8) - 1). Let w = n - 464. Is w composite?
False
Suppose -5*p - i + 23 = 0, 7*p + 12 = 9*p - i. Suppose -p*t = -26 + 86. Let l(x) = -x**2 - 17*x + 29. Is l(t) a prime number?
True
Let m(l) = 2*l**3 + 4*l**2 + 17 - l**3 - 121*l + 100*l. Is m(6) a prime number?
True
Suppose 12 = -3*y, -3*t - 2*t - 3*y + 38 = 0. Suppose -6*k + t = -4*k, 2*b + 2*k = 6286. Suppose -22*h = -20*h - b. Is h a composite number?
True
Let k be (-6 + 80/15)*(-8757)/6. Let r = 788 + k. Is r composite?
True
Suppose 47*z = 57*z - 37*z + 3262437. Is z a composite number?
True
Suppose -287579 = 14*g - 1787497. Is g a composite number?
False
Let m = 5 + 4. Suppose -2*j - 20*v + 18*v + 5390 = 0, 0 = 4*v + 20. Suppose -m*y - j = -17073. Is y a prime number?
True
Let v(x) = -x**2 - x + 463. Let b be v(0). Let w = b - 263. Let r = w - 114. Is r composite?
True
Let p(l) = 2*l**3 - 43*l**2 - 22*l. Let b be p(22). Suppose -12*y + 7*y = i - 6677, -4*y = b. Is i a prime number?
False
Let w be 6/9*-2*(6 + -110835). Suppose -50071 = 29*r - w. Is r prime?
False
Let q be -6*1601/4*(-70)/3. Suppose 4*x = 5*o - q, -o - 2*x = 4*o - 56035. Suppose -6*n + 7003 = -o. Is n composite?
True
Let a(p) = -87184*p + 726. Is a(-2) a prime number?
False
Let f = 1766 - 1031. Let n = f - 518. Suppose -2885 = -4*u - n. Is u a prime number?
False
Let d be -5 - (-1 + 28)/(-3). Suppose 4*n + 11*h + d = 6*h, -5*h = 5*n. Suppose -n*m = -5*m - 3*u + 3784, 2*u + 6 = 0. Is m a composite number?
False
Let w = -7 - 7. Suppose -5*p + 1650 = -5*i - 3050, -4*p + 3760 = 4*i. Is ((-77)/w - 5)*p/2 composite?
True
Suppose -4*p + 8*u = 6*u - 662238, p - 3*u = 165562. Is p a composite number?
False
Let p(d) = -d**3 + 2*d**2 + 5*d - 4. Let y be p(3). Let v(w) = -50 - 26*w + y*w**2 + 9*w**2 + 12. Is v(-9) composite?
False
Suppose -9*s + 62 = 62. Suppose s = -16*c - 50725 + 208901. Is c a prime number?
False
Is 2 + (5093 - (2 + 16)) a prime number?
True
Suppose -13009 = -3*x - f, 0 = 2*x - f + 6*f - 8651. Suppose 14*t = 4*u + 17*t + 4, 4 = -t. Suppose 4*o = u*j + 3*j + x, 0 = -3*o - 3*j + 3267. Is o prime?
True
Let m be ((-4)/(-5))/((-55)/(-1100)). Suppose -6*p - 2*c = -3*p - 2623, 4*c = -m. Is p composite?
False
Let p = -268 - -274. Is 174/4*(1912/p - -6) a prime number?
False
Let l(r) = 8*r**3 - 31*r**2 - 86*r + 8. Is l(25) a composite number?
False
Suppose 67376 = 17*h - 15*h + 2*d, -5*h - d + 168428 = 0. Suppose -66*r + h = -61*r. Is r prime?
True
Suppose -639*a + 625*a = -1352344 + 7859